 common factor of 180 and p?
20
Suppose 0*s = s + 7. Let z be 448/(-6)*(4 + s). Let x be ((-18)/12)/((-6)/z). Calculate the greatest common divisor of 7 and x.
7
Suppose 16 = -2*v + 3*v. Let t(s) = 16*s**2 - s - 1. Let c be 2/(-3) - (-1)/(-3). Let k be t(c). Calculate the highest common divisor of v and k.
16
Let r(w) = -9*w**2 + 13. Let f be r(0). Suppose -l + 59 = -32. What is the highest common divisor of l and f?
13
Let y = -10 - -19. Let q be (4 - 2) + -4 + 2. Suppose q = 2*u + u - 108. What is the greatest common factor of y and u?
9
Let s be ((-66)/(-4))/(12/24). Calculate the highest common divisor of 330 and s.
33
Suppose 0 = k + k - 20. Let s(d) = -d**3 + 8*d**2 - 6*d + 13. Let j be s(7). Calculate the highest common factor of j and k.
10
Suppose d + 21 = 4*d. Calculate the greatest common factor of 14 and d.
7
Suppose -4*b - 21 = -3*y - 125, 16 = -4*y. Let u = 409 - 179. What is the highest common divisor of u and b?
23
Let l = 3 + 3. Suppose u - 9 = 5*w, 4*u = l*u + 5*w - 3. Calculate the greatest common divisor of 44 and u.
4
Let c = -143 - -221. What is the highest common divisor of 52 and c?
26
Let a(i) = i**2 - 6*i - 77. Let y be a(-7). Suppose 4*f - 10 - 102 = 0. Calculate the greatest common divisor of y and f.
14
Let s = -10 - -13. Let j be 32 + 1 - (5 + -5). Calculate the highest common factor of j and s.
3
Let d = 37 - 21. Calculate the highest common divisor of d and 4.
4
Let v be (-18)/(-2 + -1 - -1). Let l = v + 16. Let h = 67 - l. What is the highest common divisor of h and 6?
6
Suppose -3*j = 3*a - 2*j - 27, -5*a + 3*j + 31 = 0. Calculate the greatest common factor of 20 and a.
4
Suppose 2*j = -j + 114. Let g be 5/3 - (-12)/(-18). Suppose -q = -20 + g. What is the highest common factor of q and j?
19
Let y be 1/(-5) - (-320)/(-25). Let k be 9*1 - (13 + y). Calculate the greatest common divisor of 6 and k.
3
Let l(g) = g**2 - 2*g - 26. Let p be l(13). What is the highest common divisor of p and 13?
13
Let z = 71 - 21. Calculate the highest common divisor of z and 10.
10
Let j(u) be the second derivative of u**4/12 + u**3/6 + 3*u**2 + 2*u. Let r be 0*2/(-4)*-1. Let l be j(r). What is the highest common factor of 24 and l?
6
Let s = 7 + -2. Suppose 3*g = -3*o + 20 + 40, o - 5 = 2*g. Let a be (-3)/o + 226/s. Calculate the highest common divisor of a and 18.
9
Let i = 98 - -23. Calculate the highest common factor of i and 11.
11
Let p(u) = u**2 + u - 7. Let g be p(-5). Suppose -17 - g = -2*r. What is the greatest common factor of 60 and r?
15
Let y(j) = -j. Let r be y(-2). Let h(d) = d**3 - 4*d**2 - 35*d - 9. Let k be h(-4). What is the highest common factor of r and k?
1
Suppose 5*m - 180 = -5*a, -5*a - m = -2*m - 162. Calculate the highest common factor of 3 and a.
3
Suppose -3*l - 2*l = -225. Let c = 83 - l. Calculate the highest common factor of 57 and c.
19
Suppose -3*z - q = -6*z + 406, -5*q = -5*z + 690. Suppose -z = 4*l - 9*l + 4*f, 4*l = -5*f + 99. Calculate the greatest common factor of 65 and l.
13
Let b = -13 - -17. Let g = 1 - 0. What is the greatest common factor of g and b?
1
Let s = -19 + 28. What is the highest common factor of s and 99?
9
Suppose 0 = -4*l, -b - 2*l + 22 = -13. What is the greatest common factor of b and 28?
7
Suppose 2*z = 6*z - 92. Calculate the greatest common factor of z and 207.
23
Suppose 7*r + 2 = 5*r. Let t be ((3 - 2)*-36)/r. Let u(d) = -d + 9. Let q be u(0). What is the highest common factor of q and t?
9
Let h = 2 - -3. Suppose h*v - 78 = 2*v. What is the highest common divisor of 13 and v?
13
Let q = -13 - -58. Suppose v + q = 2*v. Suppose -12 = -y + 18. Calculate the greatest common divisor of y and v.
15
Suppose 0*q + 20 = 2*q. Suppose -12 = -2*x + q. Let r = -3 - -47. What is the highest common divisor of x and r?
11
Suppose 0 = -5*q + 7*q - 230. Suppose -5*b + u + q = 0, -b - 2*u + 6*u + 4 = 0. What is the greatest common factor of 3 and b?
3
Let v = 4 - -16. Calculate the highest common divisor of 220 and v.
20
Suppose -5*d + 100 = -0. Let h = 37 - -123. Calculate the greatest common factor of d and h.
20
Let i = -22 + 15. Let b be 4/14 + (-12)/i. Let j be (4*5)/2*b. Calculate the highest common divisor of 50 and j.
10
Let y = -6 - -13. What is the highest common divisor of 35 and y?
7
Let w(j) = 7*j**2 + j + 1. Let y be -2 - (0 - 2) - -2. Let m be w(y). Let s = 14 + m. Calculate the greatest common divisor of 9 and s.
9
Let r = 45 + 23. Calculate the highest common divisor of 17 and r.
17
Suppose 5*d - 60 = -0. What is the highest common factor of d and 16?
4
Suppose z + y - 12 = 5*y, 5*y = -z + 3. Calculate the highest common divisor of z and 88.
8
Let m be 2/(-7) + 32/14. Suppose -4*y = -g + 3*g - 26, -4*g + m*y = -82. Calculate the highest common divisor of 114 and g.
19
Let o be (-16)/(((-24)/9)/4). Let m(v) = -v**3 + 3*v + 8. Let x be m(-4). What is the greatest common divisor of o and x?
12
Let f = -15 + 33. Suppose -f = -j - j. What is the highest common divisor of j and 45?
9
Suppose 5*n + 6 = 3*g + 32, 4*g = 2*n - 16. Let k be (20/(-10))/((-1)/n). Calculate the highest common divisor of 16 and k.
8
Let f(n) = -n**3 - 4*n**2 - 5*n - 4. Let r be f(-3). Suppose r*a - 6 = -a. Calculate the greatest common factor of 3 and a.
1
Suppose -150 = -97*u + 92*u. What is the greatest common factor of 3 and u?
3
Let u(a) = a**2 - a + 10. Let o be u(0). Let s = 292 + -202. Calculate the greatest common factor of o and s.
10
Suppose 2*o = -5 - 3, -11 = -3*q - o. Let z be 1324/24 + (-2)/12. Calculate the highest common divisor of z and q.
5
Suppose -2*b - 16 = -206. Suppose 5*s - 5*p - 233 = -48, p = -3*s + b. Calculate the greatest common divisor of s and 3.
3
Let s be ((-9)/(-18))/((-2)/(-36)). What is the greatest common factor of 36 and s?
9
Let b be 1/(-1)*2 - -2. Let u be 17 - 1*(3 - b). What is the greatest common divisor of u and 21?
7
Let p be 1 + 0/1 + 2. Suppose 0 = -d - p*d - 5*b + 43, 4*b = d - 37. Let r = d + -12. Calculate the highest common factor of r and 15.
5
Suppose 0 = o - 4. Let s(n) = -n**3 - n. Let l be s(-2). What is the highest common divisor of o and l?
2
Let q = -20 + 65. Let z be (-44)/6*q/(-6). Calculate the greatest common factor of z and 5.
5
Let v be 16/(-6)*9/(-6). Suppose 5*n - 14 = -3*x, 2 - 6 = -v*n. Let u = 0 + x. Calculate the greatest common factor of u and 24.
3
Let k = 29 + -19. What is the highest common factor of k and 40?
10
Let r(c) = c**3 + 6*c**2 + 5*c + 4. Let k be r(-5). Suppose 5*p - 175 = -k*h + 3*h, 3*p + 2*h - 112 = 0. What is the highest common factor of p and 85?
17
Let l be (0/(-7))/(1*2). Suppose -3*h = -4*h + 3*u + 31, 4*h + 3*u - 169 = l. Let a be 0 + (1 - 0) + 7. What is the highest common divisor of h and a?
8
Suppose 0 = -3*m + 5*o + 38, -m = -0*o + 4*o - 24. Let k be (55/20)/(2/72). Let b = -59 + k. Calculate the highest common divisor of m and b.
8
Let q be 15/9 - (-1)/3. Let o be ((-304)/24)/(q/(-21)). What is the greatest common divisor of 19 and o?
19
Let h = -152 - -161. Calculate the highest common factor of 3 and h.
3
Suppose 7 = -h + 5*n, 2*h + 4*n - 32 = -4. What is the highest common divisor of h and 8?
8
Let o = -43 - -76. Suppose 95 = -2*t - 3*c + 21, -163 = 5*t + 2*c. Let y = 53 + t. What is the greatest common factor of y and o?
11
Suppose 196 = -0*j + 2*j - 3*t, j - t - 100 = 0. What is the greatest common divisor of j and 13?
13
Let r(a) = -a + 23. Let f be r(15). Let z(p) = p**3 - 5*p**2 - 5*p + 2. Let b be z(6). Calculate the highest common factor of f and b.
8
Suppose 0 = 3*r - 100 - 278. Calculate the highest common divisor of 18 and r.
18
Let x(s) = -s**3 + 9*s**2 - 8*s + 2. Let u be x(8). What is the highest common divisor of 18 and u?
2
Let q(b) = -b - 4. Let l be q(-6). Suppose 0*y = -l*y + 220. Calculate the greatest common factor of y and 11.
11
Let i be (-2 - 0/(-3)) + 178. Let o = 3 - -1. Suppose -o*l + 3*n = -42 - 13, 5*l - 71 = 3*n. Calculate the greatest common factor of l and i.
16
Let x = -71 - -109. Suppose 5*b - 7 = x. Calculate the greatest common factor of 9 and b.
9
Let d = -12 + 35. What is the highest common factor of 23 and d?
23
Let i be 2/(-5) - 34/(-10). Let h be (i/6)/((-2)/(-28)). Let j be 12/h + (-2)/(-7). Calculate the highest common factor of 2 and j.
2
Let t be (